der when 52656671 is divided by 566.
559
Calculate the remainder when 46783113 is divided by 10438.
10435
What is the remainder when 1486605 is divided by 11094?
9
What is the remainder when 122535 is divided by 12251?
25
What is the remainder when 281834 is divided by 4299?
2399
Calculate the remainder when 535791 is divided by 8239.
256
Calculate the remainder when 19994 is divided by 19358.
636
What is the remainder when 1171199 is divided by 68892?
35
Calculate the remainder when 52665 is divided by 910.
795
What is the remainder when 11597893 is divided by 22?
21
Calculate the remainder when 2260533 is divided by 1859.
1848
What is the remainder when 1810176 is divided by 905088?
0
Calculate the remainder when 93307 is divided by 30888.
643
What is the remainder when 8878865 is divided by 739904?
17
What is the remainder when 9398755 is divided by 2876?
2863
What is the remainder when 278216 is divided by 14641?
37
Calculate the remainder when 747917 is divided by 39.
14
Calculate the remainder when 92971 is divided by 17631.
4816
What is the remainder when 93918142 is divided by 121?
120
What is the remainder when 52268 is divided by 1865?
48
Calculate the remainder when 789109 is divided by 394254.
601
Calculate the remainder when 1554649 is divided by 56.
33
What is the remainder when 6749299 is divided by 21?
4
Calculate the remainder when 2370708 is divided by 592666.
44
What is the remainder when 946236 is divided by 1757?
970
What is the remainder when 7866023 is divided by 354?
143
Calculate the remainder when 318201 is divided by 18709.
148
Calculate the remainder when 404064 is divided by 50407.
808
Calculate the remainder when 10776 is divided by 9781.
995
What is the remainder when 21893 is divided by 9177?
3539
What is the remainder when 3059735 is divided by 15936?
23
What is the remainder when 6730184 is divided by 46097?
22
What is the remainder when 11740758 is divided by 389?
349
Calculate the remainder when 185892 is divided by 185873.
19
Calculate the remainder when 619031 is divided by 20626.
251
Calculate the remainder when 173417 is divided by 1119.
1091
Calculate the remainder when 32074 is divided by 1399.
1296
What is the remainder when 4714063 is divided by 598?
29
What is the remainder when 152583 is divided by 671?
266
Calculate the remainder when 1192845 is divided by 27110.
5
Calculate the remainder when 6737 is divided by 388.
141
Calculate the remainder when 6841229 is divided by 16.
13
What is the remainder when 358442601 is divided by 27?
24
Calculate the remainder when 59405 is divided by 9869.
191
What is the remainder when 110688 is divided by 6807?
1776
What is the remainder when 354628 is divided by 6118?
5902
Calculate the remainder when 877653 is divided by 292522.
87
Calculate the remainder when 674641 is divided by 42162.
49
Calculate the remainder when 1333108 is divided by 95.
68
What is the remainder when 276184 is divided by 21243?
25
Calculate the remainder when 97833 is divided by 98.
29
What is the remainder when 3240900 is divided by 1641?
1566
What is the remainder when 783162 is divided by 27964?
170
What is the remainder when 1675827 is divided by 47?
42
What is the remainder when 437401 is divided by 22?
19
What is the remainder when 23548266 is divided by 905702?
14
What is the remainder when 80937 is divided by 26899?
240
What is the remainder when 1312487 is divided by 1481?
321
What is the remainder when 3753610 is divided by 21?
7
What is the remainder when 52183237 is divided by 26091618?
1
What is the remainder when 8067195 is divided by 1106?
31
What is the remainder when 32539 is divided by 32378?
161
What is the remainder when 406596 is divided by 11942?
568
What is the remainder when 1314860037 is divided by 3420?
3417
What is the remainder when 1694717 is divided by 39411?
44
What is the remainder when 5042522 is divided by 28014?
2
Calculate the remainder when 85438497 is divided by 1050.
1047
What is the remainder when 92467 is divided by 13143?
466
Calculate the remainder when 524319 is divided by 2268.
411
Calculate the remainder when 110303 is divided by 5804.
27
What is the remainder when 7975944 is divided by 29?
16
What is the remainder when 11278 is divided by 2216?
198
What is the remainder when 1372197 is divided by 2433?
2418
Calculate the remainder when 44593 is divided by 6315.
388
Calculate the remainder when 673210 is divided by 2610.
2440
What is the remainder when 354180 is divided by 32177?
233
What is the remainder when 182289 is divided by 2401?
2214
What is the remainder when 83161 is divided by 79612?
3549
What is the remainder when 2383564 is divided by 467?
463
Calculate the remainder when 212076052 is divided by 23.
21
Calculate the remainder when 2661813 is divided by 26887.
0
Calculate the remainder when 5254989 is divided by 57.
45
Calculate the remainder when 466807 is divided by 215.
42
Calculate the remainder when 12237 is divided by 3203.
2628
Calculate the remainder when 620290 is divided by 1439.
81
Calculate the remainder when 44313090 is divided by 203.
17
What is the remainder when 10978249 is divided by 5489116?
17
Calculate the remainder when 5171139 is divided by 152092.
11
Calculate the remainder when 173682 is divided by 4816.
306
What is the remainder when 155212372 is divided by 1004?
1000
Calculate the remainder when 838513 is divided by 419256.
1
Calculate the remainder when 1110414 is divided by 550.
514
Calculate the remainder when 6368 is divided by 261.
104
What is the remainder when 1985967 is divided by 22314?
21
Calculate the remainder when 164333 is divided by 53410.
4103
What is the remainder when 225850 is divided by 2073?
1966
What is the remainder when 420740 is divided by 560?
180
What is the remainder when 336748 is divided by 1582?
1364
What is the remainder when 25519781 is divided by 2346?
2339
What is the remainder when 1851640 is divided by 2707?
52
What is the remainder when 3900662 is divided by 7131?
5
What is the remainder when 37835 is divided by 37831?
4
Calculate the remainder when 3548907 is divided by 1182966.
9
Calculate the remainder when 1047293 is divided by 1769.
45
Calculate the remainder when 2898643 is divided by 289860.
43
Calculate the remainder when 47776219 is divided by 34.
31
Calculate the remainder when 168142 is divided by 2077.
1982
Calculate the remainder when 196615 is divided by 9335.
580
Calculate the remainder when 110151 is divided by 61.
46
What is the remainder when 104003548 is divided by 417?
412
Calculate the remainder when 20178020 is divided by 233.
220
Calculate the remainder when 7485980 is divided by 816.
812
Calculate the remainder when 976925 is divided by 11356.
309
Calculate the remainder when 297635 is divided by 297608.
27
What is the remainder when 12763989 is divided by 303904?
21
Calculate the remainder when 4442299 is divided by 50.
49
What is the remainder when 1788149 is divided by 2649?
74
Calculate the remainder when 653925 is divided by 4693.
1598
What is the remainder when 132556 is divided by 8262?
364
Calculate the remainder when 163207 is divided by 12274.
3645
Calculate the remainder when 9362145 is divided by 64.
33
Calculate the remainder when 5507756 is divided by 142.
2
What is the remainder when 492713 is divided by 8798?
25
Calculate the remainder when 42281 is divided by 2684.
2021
Calculate the remainder when 126424 is divided by 805.
39
What is the remainder when 2511064 is divided by 139502?
28
What is the remainder when 6869561 is divided by 221?
218
What is the remainder when 421854 is divided by 138695?
5769
What is the remainder when 515006 is divided by 95?
11
Calculate the remainder when 22472826 is divided by 1646.
1634
Calculate the remainder when 297730 is divided by 252.
118
Calculate the remainder when 3072438 is divided by 2335.
1913
Calculate the remainder when 39834 is divided by 12571.
2121
Calculate the remainder when 1713619 is divided by 1555.
9
Calculate the remainder when 170951656 is divided by 1295.
1
What is the remainder when 6825591 is divided by 924?
3
Calculate the remainder when 611492 is divided by 490.
462
Calculate the remainder when 119940 is divided by 29985.
0
Calculate the remainder when 1302052 i